ivide 1429922287?
False
Is 240 a factor of 241867545?
False
Is 179 a factor of 9182879?
True
Is 5 a factor of 9531840?
True
Is 783 a factor of 170362696?
False
Is 95763273 a multiple of 27?
False
Is 19516736 a multiple of 424?
False
Does 67 divide 235744010?
False
Is 40430234 a multiple of 210?
False
Does 60 divide 228951177?
False
Does 48 divide 73111966?
False
Is 17487940 a multiple of 1975?
False
Does 10860 divide 3777748740?
True
Is 25981415 a multiple of 7289?
False
Does 136 divide 9860136?
True
Does 4474 divide 112400302?
True
Is 496 a factor of 57993808?
True
Is 82874039 a multiple of 907?
False
Is 52427202 a multiple of 6?
True
Does 10 divide 147044154?
False
Is 111375447 a multiple of 31?
False
Does 11 divide 3720332322?
False
Does 230 divide 1102540563?
False
Is 4233300662 a multiple of 843?
False
Is 91330187 a multiple of 261?
False
Is 19 a factor of 83455454?
False
Does 330 divide 208111860?
True
Is 87 a factor of 380166891?
False
Is 2725 a factor of 635858425?
False
Does 2 divide 72140493?
False
Does 61 divide 29567798?
True
Is 362997973 a multiple of 5?
False
Is 100 a factor of 54936100?
True
Is 4087190786 a multiple of 1523?
False
Is 698285862 a multiple of 423?
True
Is 4134 a factor of 604814748?
False
Does 670 divide 136563420?
True
Is 91 a factor of 21043765?
False
Is 3794 a factor of 93021292?
True
Is 4457942 a multiple of 11?
False
Does 64 divide 694103552?
True
Is 1275198798 a multiple of 17?
True
Does 50 divide 332303643?
False
Is 4911184605 a multiple of 1437?
True
Is 104 a factor of 533492440?
True
Is 363520431 a multiple of 1070?
False
Is 916 a factor of 1571117704?
True
Is 82 a factor of 29479144?
False
Is 605 a factor of 1181304245?
True
Is 108477689 a multiple of 42?
False
Is 1979028150 a multiple of 1947?
True
Does 8 divide 3432672?
True
Is 344 a factor of 77076445?
False
Is 1108 a factor of 1268362812?
False
Is 223 a factor of 19224476?
False
Does 361 divide 9629675?
True
Is 2364 a factor of 5980830682?
False
Is 14707672 a multiple of 11?
False
Does 535 divide 1035774888?
False
Is 38 a factor of 2834154027?
False
Is 1589050435 a multiple of 25?
False
Is 20893920 a multiple of 1896?
True
Is 1657815670 a multiple of 6?
False
Does 278 divide 19704640?
True
Is 1974 a factor of 1283463216?
True
Is 558 a factor of 3330983232?
True
Is 12032 a factor of 2225561606?
False
Does 19 divide 12259752?
False
Is 96263640 a multiple of 5940?
True
Does 418 divide 8635129?
False
Is 113 a factor of 1518668585?
True
Is 38392103 a multiple of 64?
False
Does 479 divide 82904841?
True
Is 50 a factor of 116338000?
True
Is 74 a factor of 164722076?
True
Does 38 divide 14508362?
True
Is 145 a factor of 107865264?
False
Does 171 divide 54987786?
True
Is 58855708 a multiple of 20?
False
Is 215 a factor of 67223629?
False
Is 156815900 a multiple of 116?
False
Does 95 divide 29693777?
False
Is 12 a factor of 46870801?
False
Is 212086325 a multiple of 25?
True
Is 17 a factor of 41419089?
True
Is 68 a factor of 21978212?
True
Is 2112966035 a multiple of 35?
False
Is 32398678 a multiple of 29?
False
Is 203 a factor of 34028925?
False
Is 1024 a factor of 219642780?
False
Is 106016400 a multiple of 84?
True
Does 8 divide 988089605?
False
Does 32 divide 377168478?
False
Is 112613494 a multiple of 2339?
True
Does 128 divide 12459684?
False
Is 9072630 a multiple of 45?
True
Does 6 divide 41086388?
False
Is 980 a factor of 563415720?
True
Is 173813238 a multiple of 15?
False
Is 188338380 a multiple of 60?
True
Is 9 a factor of 29443410?
True
Does 13 divide 17908036?
False
Is 327020895 a multiple of 405?
True
Is 60 a factor of 161612506?
False
Does 16 divide 369232?
True
Is 4157730 a multiple of 177?
True
Is 102948024 a multiple of 186?
True
Does 176 divide 19451344?
True
Does 7 divide 34718754?
True
Is 18262720 a multiple of 217?
True
Does 3 divide 29619206?
False
Is 264298042 a multiple of 3662?
False
Is 303652464 a multiple of 11?
False
Is 5 a factor of 32661650?
True
Is 2732 a factor of 57962070?
False
Is 6 a factor of 724955267?
False
Is 222 a factor of 632777034?
True
Is 14 a factor of 2564858464?
True
Is 12 a factor of 178770540?
True
Is 25 a factor of 32456950?
True
Is 673485280 a multiple of 8?
True
Is 6 a factor of 31250592?
True
Is 53 a factor of 518403388?
True
Does 39 divide 55541772?
True
Does 13 divide 476866?
True
Does 4 divide 49366753?
False
Does 59 divide 399533826?
False
Does 14 divide 3829168?
True
Is 477586594 a multiple of 11?
False
Is 19 a factor of 72181209?
True
Does 10 divide 2213267500?
True
Is 16133202 a multiple of 9?
True
Is 24639276 a multiple of 4028?
True
Does 68 divide 207386571?
False
Does 350 divide 638187888?
False
Is 347615781 a multiple of 6512?
False
Is 456632568 a multiple of 196?
True
Does 27 divide 2691366507?
True
Is 564978589 a multiple of 457?
True
Is 489930794 a multiple of 13?
False
Is 42 a factor of 314484702?
True
Is 67514746 a multiple of 13?
True
Does 13 divide 1130973467?
True
Is 1716 a factor of 174843697?
False
Is 5314894398 a multiple of 48?
False
Is 27 a factor of 11877091?
False
Is 630928 even?
True
Is 560589228 a multiple of 492?
True
Is 529296698 a multiple of 2611?
True
Is 3992639745 a multiple of 11?
False
Is 1713 a factor of 1668009768?
True
Is 13 a factor of 622239916?
False
Does 1059 divide 368289489?
True
Is 14 a factor of 23519105?
False
Is 18344169 a multiple of 3?
True
Is 5486366 a multiple of 179?
False
Is 144 a factor of 20707776?
True
Is 4981 a factor of 23973553?
True
Is 3180789133 a multiple of 827?
False
Is 20659992 a multiple of 19?
True
Is 51 a factor of 1580371433?
False
Is 9028 a factor of 707281202?
False
Does 213 divide 48486894?
True
Does 7 divide 13595925?
True
Does 4022 divide 749638000?
False
Is 1105461 a multiple of 63?
True
Does 40 divide 1490394400?
True
Does 2217 divide 330352953?
True
Is 57 a factor of 40527195?
False
Does 311 divide 8011049?
True
Does 38 divide 64216325?
False
Does 20 divide 4467501160?
True
Is 2431812021 a multiple of 558?
False
Is 296418265 a multiple of 715?
True
Does 134 divide 15236734?
False
Is 1802 a factor of 71136787?
False
Is 61956664 a multiple of 290?
False
Is 144920101 a multiple of 4?
False
Is 9 a factor of 392854950?
True
Is 796 a factor of 197032556?
False
Does 78 divide 4135255?
False
Does 30 divide 231753361?
False
Does 411 divide 20578770?
True
Is 84317268 a multiple of 609?
True
Does 198 divide 64420092?
True
Does 50 divide 978097100?
True
Is 1644 a factor of 332365932?
False
Is 17555677 a multiple of 3?
False
Is 106 a factor of 510750294?
True
Is 109244432 a multiple of 428?
True
Does 3507 divide 954721131?
True
Is 483469995 a multiple of 15?
True
Is 159789860 a multiple of 1819?
False
Is 76126327 a multiple of 929?
False
Is 32235638 a multiple of 17?
True
Is 71838459 a multiple of 1757?
True
Does 1419 divide 39394278?
True
Is 569844649 a multiple of 3949?
True
Is 3216 a factor of 1801156384?
False
Is 306 a factor of 13687074?
True
Is 27 a factor of 180605082?
False
Is 329008015 a multiple of 4000?
False
Does 804 divide 164891455?
False
Is 110 a factor of 295216570?
True
Is 671 a factor of 55525921?
True
Does 6293 divide 125840018?
False
Does 24 divide 670787160?
True
Is 454132650 a multiple of 1747?
True
Is 145 a factor of 398930235?
True
Is 132236317 a multiple of 47?
False
Is 40947696 a multiple of 36?
True
Does 64 divide 6353165?
False
Is 13 a factor of 1335584940?
False
Is 90 a factor of 206116594?
False
Does 108 divide 40519980?
True
Does 104 divide 17033432?
True
Is 9554798 a multiple of 22?
True
Does 13 divide 3512144?
False
Is 2601 a factor of 2192392923?
False
Is 12 a factor of 1994842268?
False
Is 250841910 a multiple of 165?
True
Is 421354468 a multiple of 328?
False
Is 45 a factor of 1321008?
False
Is 594 a factor of 387516096?
True
Is 40 a factor of 1198865145?
False
Is 26742297 a multiple of 1132?
False
Is 129394346 a multiple of 5482?
False
Is 29 a factor of 34428095?
False
Does 2144 divide 339086892?
False
Is 1392677922 a multiple of 9798?
True
Is 1384371513 a multiple of 164?
False
Is 42 a factor of 1775236176?
True
Is 2372335520 a multiple of 361?
False
Is 480 a factor of 340597821?
False
Is 181 a factor of 119410537?
False
Is 403013809 a multiple of 10179?
False
Is 11445851 a multiple of 3?
False
Does 